hat is the highest common divisor of 1160 and 3335?
145
What is the greatest common factor of 9570 and 580?
290
Calculate the highest common divisor of 473 and 11.
11
What is the highest common factor of 17 and 8653?
17
Calculate the greatest common divisor of 9 and 369.
9
Calculate the greatest common factor of 3087 and 9.
9
Calculate the greatest common factor of 228 and 988.
76
What is the greatest common factor of 98 and 14?
14
Calculate the greatest common divisor of 4674 and 38.
38
What is the greatest common factor of 28 and 224?
28
Calculate the greatest common divisor of 584 and 92.
4
What is the greatest common divisor of 448 and 64?
64
What is the greatest common divisor of 363 and 616?
11
What is the greatest common factor of 493 and 663?
17
Calculate the highest common divisor of 182 and 56.
14
What is the greatest common factor of 33 and 3?
3
What is the highest common factor of 9 and 711?
9
Calculate the highest common factor of 380 and 418.
38
What is the greatest common factor of 128 and 800?
32
What is the highest common factor of 4 and 76?
4
Calculate the greatest common factor of 42 and 819.
21
Calculate the highest common divisor of 7 and 21.
7
Calculate the greatest common factor of 7 and 5173.
7
Calculate the greatest common divisor of 310 and 70.
10
Calculate the highest common divisor of 1513 and 17.
17
Calculate the highest common divisor of 2236 and 3268.
172
Calculate the greatest common divisor of 13114 and 166.
166
Calculate the greatest common divisor of 17 and 289.
17
Calculate the greatest common divisor of 13 and 104.
13
Calculate the highest common divisor of 1503 and 9.
9
What is the highest common divisor of 12295 and 5?
5
What is the greatest common divisor of 1 and 522?
1
Calculate the greatest common factor of 1 and 37.
1
Calculate the greatest common factor of 7018 and 121.
121
Calculate the greatest common factor of 119430 and 90.
90
What is the highest common factor of 333 and 37?
37
Calculate the highest common factor of 852 and 3.
3
Calculate the highest common divisor of 26 and 806.
26
Calculate the highest common divisor of 930 and 93.
93
Calculate the highest common factor of 270 and 330.
30
What is the highest common factor of 37488 and 44?
44
Calculate the greatest common divisor of 10 and 6770.
10
Calculate the greatest common factor of 3040 and 720.
80
What is the greatest common factor of 3471 and 267?
267
Calculate the highest common divisor of 3240 and 340.
20
Calculate the greatest common divisor of 288 and 15.
3
What is the greatest common divisor of 9728 and 456?
152
Calculate the greatest common factor of 329 and 14.
7
Calculate the greatest common divisor of 112 and 7.
7
What is the highest common factor of 60 and 150?
30
Calculate the greatest common factor of 38 and 1159.
19
Calculate the highest common divisor of 3 and 3.
3
Calculate the highest common divisor of 495 and 264.
33
What is the greatest common divisor of 27 and 7128?
27
Calculate the highest common divisor of 28 and 2996.
28
Calculate the highest common divisor of 288 and 384.
96
What is the greatest common divisor of 38688 and 128?
32
Calculate the greatest common factor of 1300 and 75.
25
Calculate the highest common factor of 108 and 8235.
27
Calculate the highest common factor of 1334 and 232.
58
What is the highest common divisor of 2 and 358?
2
What is the highest common factor of 403 and 26?
13
Calculate the highest common factor of 102 and 18.
6
Calculate the greatest common divisor of 1384 and 8.
8
Calculate the greatest common factor of 65 and 1625.
65
What is the highest common divisor of 3150 and 980?
70
What is the highest common divisor of 10064 and 68?
68
What is the highest common divisor of 14 and 56?
14
What is the highest common factor of 105 and 195?
15
What is the greatest common divisor of 74 and 370?
74
What is the highest common divisor of 2884 and 14?
14
What is the highest common divisor of 186 and 54?
6
What is the highest common factor of 804 and 12?
12
Calculate the highest common factor of 45 and 45.
45
What is the greatest common factor of 312 and 234?
78
What is the highest common divisor of 19 and 20368?
19
What is the greatest common divisor of 189 and 36?
9
What is the highest common divisor of 12 and 38?
2
What is the greatest common factor of 189 and 504?
63
What is the highest common factor of 594 and 144?
18
What is the greatest common factor of 4061 and 917?
131
Calculate the greatest common factor of 55387 and 97.
97
Calculate the greatest common divisor of 2 and 625.
1
What is the greatest common divisor of 60 and 390?
30
What is the highest common factor of 1325 and 106?
53
What is the greatest common factor of 333 and 185?
37
Calculate the highest common factor of 34 and 6494.
34
What is the greatest common factor of 87 and 319?
29
Calculate the greatest common factor of 198 and 16038.
198
What is the highest common divisor of 198 and 88?
22
Calculate the highest common divisor of 714 and 8772.
102
What is the highest common factor of 105 and 75?
15
What is the highest common factor of 1534 and 208?
26
Calculate the highest common divisor of 414 and 126.
18
Calculate the greatest common factor of 9 and 12.
3
What is the highest common divisor of 50 and 50?
50
Calculate the highest common divisor of 2625 and 15.
15
What is the highest common divisor of 3047 and 143?
11
Calculate the highest common factor of 26 and 2054.
26
Calculate the highest common factor of 370 and 10.
10
What is the greatest common factor of 23 and 207?
23
What is the highest common divisor of 4462 and 97?
97
Calculate the highest common factor of 53 and 1431.
53
Calculate the greatest common divisor of 4592 and 410.
82
What is the greatest common factor of 45 and 5280?
15
What is the greatest common factor of 78 and 663?
39
Calculate the highest common divisor of 142 and 1349.
71
Calculate the greatest common factor of 36 and 48.
12
What is the greatest common divisor of 399 and 231?
21
What is the greatest common divisor of 24 and 78?
6
What is the greatest common divisor of 51 and 6?
3
What is the highest common divisor of 715 and 520?
65
What is the highest common divisor of 20 and 36?
4
What is the greatest common factor of 5 and 235?
5
Calculate the highest common divisor of 22 and 4499.
11
Calculate the highest common divisor of 450 and 18.
18
Calculate the greatest common factor of 14 and 13.
1
Calculate the highest common divisor of 286 and 1001.
143
What is the highest common divisor of 29315 and 41?
41
What is the greatest common divisor of 330 and 77?
11
What is the highest common factor of 23 and 690?
23
What is the greatest common divisor of 22 and 352?
22
What is the highest common factor of 24278 and 366?
122
Calculate the greatest common factor of 253 and 2189.
11
What is the highest common factor of 353 and 1?
1
What is the highest common divisor of 16367 and 13?
13
Calculate the highest common factor of 2044 and 56.
28
Calculate the highest common divisor of 310 and 320.
10
What is the highest common factor of 37 and 39257?
37
Calculate the highest common factor of 9544 and 16.
8
Calculate the greatest common divisor of 10 and 4390.
10
Calculate the greatest common factor of 232 and 261.
29
What is the highest common divisor of 1292 and 76?
76
Calculate the highest common factor of 920 and 115.
115
What is the greatest common divisor of 1458 and 6?
6
Calculate the greatest common factor of 817 and 38.
19
Calculate the highest common divisor of 56 and 14.
14
What is the highest common divisor of 1127 and 196?
49
What is the highest common divisor of 68 and 24?
4
Calculate the highest common divisor of 43 and 86.
43
What is the highest common divisor of 86 and 2021?
43
Calculate the highest common divisor of 3861 and 9.
9
Calculate the highest common factor of 28 and 770.
14
Calculate the greatest common factor of 3 and 22.
1
Calculate the greatest common factor of 35052 and 115.
23
What is the greatest common factor of 1344 and 63?
21
Calculate the greatest common factor of 2410 and 160.
10
What is the highest common factor of 72 and 18?
18
What is the greatest common divisor of 420 and 36?
12
Calculate the highest common factor of 1860 and 80.
20
Calculate the greatest common divis